1
Let f(o) = -2*o - 21. Suppose -8*m = -m + 63. Let c be f(m). Let i(h) = 5*h**2 + 2*h + 5. What is the units digit of i(c)?
4
Let m = -16007 + 27998. What is the units digit of m?
1
What is the thousands digit of 8/(-120)*-5 + (-115254)/(-27)?
4
Suppose 108*z - 43*z - 147036 - 135259 = 0. What is the thousands digit of z?
4
Let y = -92 + 11. Let o = y - -97. Suppose 7*x = o*x - 639. What is the tens digit of x?
7
What is the units digit of 10 + 2 + -23 + 18940?
9
What is the hundreds digit of (-1274088)/(-352) + 14/77 + (-3)/4?
6
Let g = 25495 + -9516. Suppose -17*t + g - 2396 = 0. What is the hundreds digit of t?
7
Let t(d) = -2*d**2 - 8*d - 5. Let i be t(-5). Let m be 1 + (4 - 9) - i. What is the tens digit of 2 + (-105)/5*m/(-3)?
7
What is the thousands digit of (-6)/(-1 - 2) + (-204669)/(81/(-9))?
2
Suppose 970 = i - 2*j, 3*i + 0*j = -j + 2945. Suppose -i = -3*o - 4*n, 3*n + 987 = 2*o + o. What is the hundreds digit of o?
3
Suppose 3*t + 5*g = 99180, 39*g - 132262 = -4*t + 36*g. What is the units digit of t?
0
Let b be (-2)/(-15) + (-20)/150. Suppose b = -4*i + 954 - 234. Suppose 0 = m + 2*m - i. What is the tens digit of m?
6
Suppose n = 2, 10*n = -4*f + 5*n + 26. Suppose -f*t = -5*v + 4009, -5*t + 3*t + 8 = 0. What is the units digit of v?
5
Let z be (-4)/(-22) - (-334)/(-22). Let j be 2*(-1 - z/6). Suppose 2*o + 3*a - 7 = 0, 3*o = -o + 5*a + j. What is the units digit of o?
2
Suppose -143401 = -428*a + 424*a + 27527. What is the ten thousands digit of a?
4
Let r be 54/(-90)*15*-1. Let g(y) = -2 + 0 + 9*y + 0 + r. What is the tens digit of g(2)?
2
Let x(t) = 43*t**2 - 4*t + 38. What is the tens digit of x(18)?
9
Suppose 5*k - 5 = 12*u - 7*u, 0 = -k - 2*u + 4. Suppose -3*v = -5*q - 0*v + 1647, 5*q + k*v - 1627 = 0. What is the tens digit of q?
2
Suppose -t = 2*t - o - 2, t - 3 = -2*o. Let g be ((-9)/45)/(t - (-6)/(-5)). What is the units digit of 6/2*(g - 4/6)?
1
Let l be 2*((-30)/8)/((-30)/(-20)). Let c be 3 + 20/l + -11. Let h(t) = t**2 - 2*t - 4. What is the units digit of h(c)?
4
Suppose 20774 - 2722 = z. What is the ten thousands digit of z?
1
Suppose -3*v + 6*v = -4*m - 2, m = -4*v + 19. Suppose 2*s + 3*g = 779, 5*s - 1937 = v*g - 3*g. What is the hundreds digit of s?
3
Let y = -950 + 525. Let i = 629 + y. What is the hundreds digit of i?
2
Let k(c) = -12*c + 15 - 8*c + 19*c. Let z be k(9). Suppose 48 = z*r - 132. What is the tens digit of r?
3
Let x = 369 + -84. What is the hundreds digit of (14/(-3))/(5/x)*-3?
7
Let g be 1/8 + 207/72. Suppose -g*t + 4*c + 4 = -0*t, -4*t - 4*c = -24. Suppose 804 = 4*x - a, -x + 106 = t*a - 78. What is the hundreds digit of x?
2
Suppose 7*r - 30 = r. Suppose -r*v - 2*p = -192, v - 7*p - 32 = -9*p. What is the tens digit of v?
4
Let q(a) = a**3 - 3*a**2 - 5*a + 4. Let m be q(4). Suppose m = -o + w + 14, 2*o = o - 2*w + 5. What is the tens digit of 614/o + (-2 - (-96)/44)?
5
Let z(m) = -m**3 - 7*m**2 + 3*m + 2. Let n(h) = -4 + 7 - 6*h**2 - h**3 + 2 + 3*h - 2. Let y(v) = 4*n(v) - 5*z(v). What is the hundreds digit of y(-10)?
1
Let t = -51 + 54. Suppose 4*j = -0*j + 4, -t*k = 5*j - 95. What is the units digit of (-2)/(-14)*k + 8/(-28)?
4
Let f be 500/2750 + 3682/11*-3. Let c = 2015 + f. What is the thousands digit of c?
1
Let m(a) be the first derivative of 5*a**2/2 - 16*a + 43. Let t be m(8). Suppose -23*g = -t*g + 229. What is the tens digit of g?
2
Suppose -12 = -4*a - 5*t + 29, 0 = 3*a + 4*t - 32. Suppose 50 = -a*l - 50. What is the units digit of (30/l)/(0 + 8/(-1420))?
3
Let v(s) = -724*s - 3218. What is the hundreds digit of v(-25)?
8
Let v = -4211 + 8835. What is the hundreds digit of v?
6
Suppose 5*s + 7050 = 3*o, -2*s - 5296 = -5*o + 6454. Suppose -o - 275 = -21*q. What is the hundreds digit of q?
1
Let k(r) = -2*r**2 + 15*r - 4. Let z be k(11). Let n = -18 - z. Let y = -56 + n. What is the units digit of y?
7
Let d(y) = -8*y - 12. Let c be d(-4). Suppose -21*g + c*g - 6 = 0. What is the units digit of 1 - (4/6 - (-4)/g)?
1
Let n(g) = 54*g**2 - 2 - 12*g - 1 + 4 + 47*g**2. What is the tens digit of n(-2)?
2
Let d(q) = q + 1. Let z be d(0). Let f be 64/(0 + z) + 2. Let p = f - -17. What is the units digit of p?
3
Suppose 75 = 2*b - j - 336, -5*j + 222 = b. Let o = b - -20. What is the hundreds digit of o?
2
Suppose 2*o - 2*w + 720 = 33154, -6 = w. What is the tens digit of o?
1
Suppose p = 2*c - 31, 6*c - 3*p = 5*c + 3. Let a be (3/2 + 0)*168/c. What is the units digit of 142/(((-4)/(-5))/(a/35))?
1
Suppose 3*w - 55802 = 2*b, -8*w = -3*b + 27298 - 176087. What is the thousands digit of w?
8
Let g(x) = -60*x**3 - 2*x**2 - 2*x. Let d be g(-1). Let c = -48 + d. Suppose c*m - 2372 = 64. What is the tens digit of m?
0
Suppose -4*f + 313 = t, -t - 668 + 270 = -5*f. Let d = f + -76. What is the tens digit of (4 - -407)*(2 - 5/d)?
3
Suppose 5*r - 5 = 0, 3*r + 4411 = -y + 14616. What is the units digit of y?
2
Let o(w) = -11*w**2 + 2*w - 1. Let a be o(1). Let k be 21/((a/(-15))/((-16)/(-18))). Suppose -32*y + 392 = -k*y. What is the units digit of y?
8
Suppose 5*o = 3*o - b - 1, 4*o = 4*b + 16. Let h(u) = -176*u + 1. Let k(v) = 350*v - 3. Let m(y) = -9*h(y) - 4*k(y). What is the units digit of m(o)?
7
Suppose -5*u = -6*u + 13. Let k(o) = o - u*o**2 + 8*o**2 + 16*o**2 + 22*o**2. What is the hundreds digit of k(2)?
1
Let w be ((-383)/(-2))/(17/34). Let y = w - 99. Suppose -188 = -8*v + y. What is the units digit of v?
9
Let p(f) = -12*f**3 + 9*f**2 - 37*f - 365. What is the ten thousands digit of p(-14)?
3
Suppose 23*f + 6*f - 18531 = 0. Let u = 1853 - f. What is the tens digit of u?
1
Suppose 4*l = 2*b - 27144, -4*l + 16 = -0. What is the hundreds digit of b?
5
Let s(a) = -2*a**3 - 7*a - 8. Let m(x) = -2*x**3 - 6*x - 8. Let t(h) = 6*m(h) - 5*s(h). What is the tens digit of t(-3)?
4
Let q be 15267/63 - (-4)/(-3). Let a = q - 174. What is the units digit of a?
7
Let t(m) = 1484*m**3 + 2*m**2 - 56*m + 55. What is the tens digit of t(1)?
8
Let y(h) = h**3 + 3*h**2 - 12*h + 6. Let q be y(3). Suppose 5*u = 4*j + 3064, 3*j - 1244 = -26*u + q*u. What is the hundreds digit of u?
6
Let t = 44 - 38. Let u = t + -4. Suppose 3*r - 15 = -u*r, 0 = o - 2*r - 4. What is the tens digit of o?
1
Let j = -33 - -409. Suppose -4*f + w = 5*w + 788, 0 = f - w + 205. Let h = f + j. What is the hundreds digit of h?
1
Suppose 0 = -7*n + 4*n + 3. Suppose -c + 9 = n. What is the units digit of (1947/(-236))/(-1*1/c)?
6
Suppose -33*r + 77*r = 118976. What is the units digit of r?
4
Suppose 81714 + 9096 = 15*s + 15*s. What is the tens digit of s?
2
What is the hundreds digit of 377145/35 - -7 - 24/(-56)?
7
What is the hundreds digit of (-4)/90 - (-32676)/135?
2
Let x(b) = 18*b + 11. Suppose -5*w = -277 - 83. Let l be (-25)/15*w/(-20). What is the units digit of x(l)?
9
Suppose 230 = -5*y - 5*q, -2*y + 38*q = 41*q + 90. Suppose -5*t + 2*w - 438 = -1573, 3*t + 4*w = 707. Let x = t + y. What is the tens digit of x?
8
Suppose -v = 4*d - 9, 2*v = -2*d + 9 + 9. What is the tens digit of (-1)/(-2)*8154/v?
5
Let i = 31888 + 780. What is the thousands digit of i?
2
Let u(h) = -9*h**3 + 1343*h**2 + 200*h - 63. What is the ten thousands digit of u(149)?
7
Suppose -409*u + 1 - 5 = -410*u. Suppose -4*g = 16, -5*g - 280 = -4*m - 2*g. Suppose m = s + 5*q, -8*s + 2*q = -u*s - 268. What is the units digit of s?
7
Suppose 3*x = -3*j - 138, 0 = -x + 4*j + j - 28. Let g = x + 449. What is the hundreds digit of g?
4
What is the units digit of 2657010/118 + 140/(-4130)?
7
What is the hundreds digit of 2683125/3816 + -2*(-1)/(-16)?
7
Let x = -96 - -106. Suppose 5*b - 1616 = -3*y + 7*b, 5*b - x = 0. Suppose 80 + y = 5*o. What is the units digit of o?
4
Let c(g) = 2*g**2 + 7*g + 7. Let m be c(-9). Let n = 305 - m. Let h = n - 90. What is the hundreds digit of h?
1
Suppose -62*g + 92*g - 120 = 0. What is the units digit of (41888/42 - 9) + g/6?
9
Let q be 18/63 + (180840/28)/5. Suppose 2*z - 724 = q. What is the units digit of z?
8
Let l(o) = 53*o**3 + 5*o**2 - 59*o + 51. Let n(b) = -13*b**3 - b**2 + 15*b - 13. Let p(q) = -2*l(q) - 9*n(q). What is the units digit of p(5)?
0
Let w be ((-17)/19 + (-40)/380)*-713. Let a = w + -342. What is the hundreds digit of a?
3
Let o(i) = -3 + 139*i**3 + 11 - 140*i**3 - 5*i**2 + 26*i + 3. What is the hundreds digit of o(